.
20
Calculate the remainder when 10267 is divided by 245.
222
What is the remainder when 624559 is divided by 844?
843
Calculate the remainder when 13466 is divided by 838.
58
What is the remainder when 24017 is divided by 18?
5
What is the remainder when 12315 is divided by 6?
3
What is the remainder when 115044 is divided by 394?
390
What is the remainder when 248421 is divided by 690?
21
What is the remainder when 81718 is divided by 24?
22
What is the remainder when 6285 is divided by 1563?
33
Calculate the remainder when 36351 is divided by 107.
78
Calculate the remainder when 404139 is divided by 220.
219
What is the remainder when 107152 is divided by 1553?
1548
What is the remainder when 14626 is divided by 126?
10
Calculate the remainder when 10021 is divided by 208.
37
What is the remainder when 2510583 is divided by 398?
397
Calculate the remainder when 102698 is divided by 790.
788
Calculate the remainder when 2173 is divided by 134.
29
Calculate the remainder when 3193 is divided by 3182.
11
Calculate the remainder when 126729 is divided by 337.
17
Calculate the remainder when 135 is divided by 39.
18
Calculate the remainder when 48264 is divided by 184.
56
Calculate the remainder when 370573 is divided by 874.
871
Calculate the remainder when 98188 is divided by 272.
268
Calculate the remainder when 63754 is divided by 21251.
1
What is the remainder when 15481 is divided by 5158?
7
Calculate the remainder when 3932 is divided by 68.
56
Calculate the remainder when 29967 is divided by 217.
21
Calculate the remainder when 7705 is divided by 320.
25
Calculate the remainder when 24556 is divided by 89.
81
Calculate the remainder when 162188 is divided by 62.
58
Calculate the remainder when 213996 is divided by 125.
121
What is the remainder when 23897 is divided by 130?
107
Calculate the remainder when 10594 is divided by 104.
90
Calculate the remainder when 653294 is divided by 97.
96
What is the remainder when 242934 is divided by 141?
132
What is the remainder when 83574 is divided by 11?
7
Calculate the remainder when 1621 is divided by 27.
1
Calculate the remainder when 2839 is divided by 328.
215
What is the remainder when 2664 is divided by 29?
25
What is the remainder when 31682 is divided by 1668?
1658
Calculate the remainder when 6916677 is divided by 727.
726
What is the remainder when 27658 is divided by 88?
26
What is the remainder when 56 is divided by 11?
1
Calculate the remainder when 523869 is divided by 29.
13
What is the remainder when 2324 is divided by 30?
14
Calculate the remainder when 913232 is divided by 301.
299
What is the remainder when 147412 is divided by 21056?
20
What is the remainder when 32162 is divided by 68?
66
Calculate the remainder when 23115 is divided by 3847.
33
What is the remainder when 2997 is divided by 275?
247
What is the remainder when 1436 is divided by 1261?
175
What is the remainder when 7247 is divided by 1360?
447
Calculate the remainder when 3231 is divided by 951.
378
What is the remainder when 43388 is divided by 165?
158
Calculate the remainder when 5489 is divided by 113.
65
What is the remainder when 21560 is divided by 860?
60
Calculate the remainder when 196742 is divided by 39347.
7
Calculate the remainder when 60662 is divided by 27.
20
Calculate the remainder when 482998 is divided by 19.
18
Calculate the remainder when 27591 is divided by 6871.
107
What is the remainder when 215798 is divided by 13?
11
What is the remainder when 1456 is divided by 167?
120
What is the remainder when 1903 is divided by 1?
0
Calculate the remainder when 6336 is divided by 1957.
465
Calculate the remainder when 919 is divided by 27.
1
Calculate the remainder when 1479176 is divided by 977.
975
What is the remainder when 28864 is divided by 14376?
112
Calculate the remainder when 129541 is divided by 32380.
21
What is the remainder when 2474 is divided by 13?
4
Calculate the remainder when 5736 is divided by 391.
262
What is the remainder when 76598 is divided by 27?
26
What is the remainder when 85427 is divided by 700?
27
What is the remainder when 3483 is divided by 1161?
0
What is the remainder when 537 is divided by 240?
57
Calculate the remainder when 63290 is divided by 22.
18
Calculate the remainder when 213148 is divided by 1128.
1084
What is the remainder when 111370 is divided by 55684?
2
Calculate the remainder when 9326 is divided by 776.
14
What is the remainder when 31296 is divided by 15630?
36
Calculate the remainder when 546 is divided by 95.
71
Calculate the remainder when 1224 is divided by 589.
46
Calculate the remainder when 25770 is divided by 120.
90
Calculate the remainder when 349203 is divided by 78.
75
What is the remainder when 52239 is divided by 556?
531
What is the remainder when 2923861 is divided by 974620?
1
Calculate the remainder when 7930 is divided by 74.
12
What is the remainder when 29480 is divided by 93?
92
What is the remainder when 2974 is divided by 729?
58
What is the remainder when 3712 is divided by 202?
76
Calculate the remainder when 11570 is divided by 56.
34
Calculate the remainder when 1860617 is divided by 861.
857
Calculate the remainder when 7843 is divided by 58.
13
Calculate the remainder when 203497 is divided by 78.
73
Calculate the remainder when 138020 is divided by 31.
8
Calculate the remainder when 1273 is divided by 454.
365
What is the remainder when 63117 is divided by 30?
27
What is the remainder when 2769 is divided by 401?
363
What is the remainder when 20283 is divided by 91?
81
What is the remainder when 265475 is divided by 129?
122
Calculate the remainder when 250564 is divided by 114.
106
Calculate the remainder when 4925 is divided by 56.
53
Calculate the remainder when 125542 is divided by 85.
82
Calculate the remainder when 1307 is divided by 927.
380
Calculate the remainder when 30239 is divided by 567.
188
What is the remainder when 600693 is divided by 12?
9
What is the remainder when 211988 is divided by 13?
10
What is the remainder when 4752 is divided by 584?
80
What is the remainder when 37304 is divided by 773?
200
What is the remainder when 23792 is divided by 3961?
26
Calculate the remainder when 15544 is divided by 13.
9
Calculate the remainder when 4558 is divided by 1497.
67
Calculate the remainder when 47805 is divided by 23891.
23
What is the remainder when 45163 is divided by 698?
491
What is the remainder when 954 is divided by 24?
18
Calculate the remainder when 9693 is divided by 82.
17
Calculate the remainder when 65484 is divided by 119.
34
What is the remainder when 3967 is divided by 1981?
5
What is the remainder when 1668 is divided by 54?
48
What is the remainder when 457435 is divided by 29?
18
Calculate the remainder when 767862 is divided by 5119.
12
Calculate the remainder when 249086 is divided by 19.
15
What is the remainder when 472 is divided by 119?
115
Calculate the remainder when 27397 is divided by 50.
47
Calculate the remainder when 62320 is divided by 207.
13
Calculate the remainder when 5764 is divided by 338.
18
What is the remainder when 1216 is divided by 106?
50
What is the remainder when 1168810 is divided by 29220?
10
What is the remainder when 48986 is divided by 213?
209
Calculate the remainder when 5504 is divided by 62.
48
Calculate the remainder when 7738 is divided by 2519.
181
What is the remainder when 57366 is divided by 284?
282
Calculate the remainder when 6808 is divided by 1023.
670
What is the remainder when 14643 is divided by 144?
99
What is the remainder when 309541 is divided by 47?
46
What is the remainder when 2140 is divided by 92?
24
Calculate the remainder when 103143 is divided by 800.
743
What is the remainder when 4817 is divided by 1108?
385
What is the remainder when 3108417 is divided by 36?
33
What is the remainder when 1168 is divided by 236?
224
Calculate the remainder when 1051839 is divided by 19.
18
Calculate the remainder when 8635 is divided by 8395.
240
Calculate the remainder when 1756997 is divided by 54.
53
Calculate the remainder when 6974 is divided by 33.
11
What is the remainder when 20519 is divided by 174?
161
What is the remainder when 4961239 is divided by 12?
7
What is the remainder when 3623 is divided by 1176